{"id":16525,"date":"2026-04-29T05:36:09","date_gmt":"2026-04-29T05:36:09","guid":{"rendered":"https:\/\/www.tqinmobiliaria.com\/granada\/?post_type=property&#038;p=16525"},"modified":"2026-04-29T06:56:58","modified_gmt":"2026-04-29T06:56:58","slug":"tq1019-piso-albayzin","status":"publish","type":"property","link":"https:\/\/www.tqinmobiliaria.com\/granada\/property\/tq1019-piso-albayzin\/","title":{"rendered":"TQ1019 Piso Albayzin"},"content":{"rendered":"\n<h2 class=\"wp-block-heading\">TQ1019 Piso Albayzin<\/h2>\n\n\n\n<p>Ponemos a la venta, piso con mucha luz, en el coraz\u00f3n del hist\u00f3rico barrio de Albayzin, junto a plaza del salvador,  encantadora vivienda ofrece una combinaci\u00f3n \u00fanica de historia y modernidad con una orientaci\u00f3n norte-sur del TQ1019.<\/p>\n\n\n\n<p>Es una 1\u00ba planta, de 91 m\u00b2 construidos, \u00fatiles de 82 m\u00b2 ..<\/p>\n\n\n\n<p>Por otro lado, la vivienda se reform\u00f3 \u00edntegramente con una distribuci\u00f3n muy funcional y espaciosa,  en conjunto posee, cocina office con isla central con electrodomesticos, salon, 2 dormitorios muy amplios, 2 ba\u00f1os, ventanas doble acristalamiento de madera con rotura termica y acustica mas  suelos de tarima.<\/p>\n\n\n\n<p>Posee bomba de calor + preinstalaci\u00f3n de aire acondicionado y calefacci\u00f3n el\u00e9ctrica de bajo consumo.<\/p>\n\n\n\n<p>Adem\u00e1s de <strong>tener acceso<\/strong> a la misma puerta del  inmueble con veh\u00edculo.<\/p>\n\n\n\n<p>Igualmente dispone de unas vistas despejadas.<\/p>\n\n\n\n<p>Y por ultimo, rodeada de todos los servicios a su alcance y a 10 minutos de Plaza Nueva y catedral.<\/p>\n\n\n\n<p>*Impuestos, gastos y honorarios de agencia no incluidos, podr\u00e1 consultar esta informaci\u00f3n al final de la p\u00e1gina en apartado tus gastos o\u00a0<a href=\"https:\/\/www.tqinmobiliaria.com\/gastos\/\">TECLEE AQUI<\/a>.<br>*El mobiliario mostrado no est\u00e1 incluido.<br>*Las superficies expresadas en esta p\u00e1gina tienen car\u00e1cter descriptivo y son aproximadas.<br>*El precio puede ser susceptible de modificaci\u00f3n sin previo aviso.<\/p>\n\n\n\nngg_shortcode_0_placeholder\n\n\n\n<p>&nbsp;<\/p>\n\n\n\n<p>El pintoresco barrio del&nbsp;<em>Albayz\u00edn<\/em> es el antiguo barrio \u00e1rabe frente a la colina roja de la &nbsp;Alhambra, hoy en d\u00eda patrimonio de la Humanidad.<\/p>\n\n\n\n<p>Sus calles son serpenteantes y &nbsp;estrechas, adem\u00e1s de contar con numerosos <strong>aljibes<\/strong> y <strong>c\u00e1rmenes,<\/strong>&nbsp; algunos han llegado a nuestros d\u00edas.<\/p>\n\n\n\n<p>Privilegiado destino tur\u00edstico, \u00fanico en el mundo, donde podr\u00e1s practicar esqu\u00ed en Sierra Nevada y disfrutar de sus playas en la costa tropical, todo,&nbsp; a menos de 45 minutos de tu residencia.<\/p>\n\n\n\n<p>Tierra de Federico Garc\u00eda Lorca, uno de los poetas y dramaturgos m\u00e1s importantes que han alumbrado las letras espa\u00f1olas.&nbsp;<\/p>\n\n\n\n<p>Para volver a ver inmuebles en Granada <a href=\"https:\/\/www.tqinmobiliaria.com\/granada\/venta\/\" target=\"_blank\" rel=\"noreferrer noopener\"><strong>teclee AQUI<\/strong><\/a>.  <\/p>\n\n\n\n<p><strong>M\u00e1s abajo podr\u00e1 ver mapa de aproximaci\u00f3n de Piso Albayzin TQ1019<\/strong> <strong>e inmuebles en la zona.<\/strong><\/p>\n","protected":false},"author":2,"featured_media":16526,"comment_status":"closed","ping_status":"closed","template":"","format":"standard","meta":{"ngg_post_thumbnail":0,"_joinchat":[]},"property-category":[85],"property_tag":[65,57,60,67,61,68],"class_list":["post-16525","property","type-property","status-publish","format-standard","has-post-thumbnail","hentry","property-category-piso","property_tag-aire-acondicionado","property_tag-calefaccion","property_tag-cocina-equipada","property_tag-doble-acristalamiento","property_tag-lavadero","property_tag-trastero"],"_links":{"self":[{"href":"https:\/\/www.tqinmobiliaria.com\/granada\/wp-json\/wp\/v2\/property\/16525","targetHints":{"allow":["GET"]}}],"collection":[{"href":"https:\/\/www.tqinmobiliaria.com\/granada\/wp-json\/wp\/v2\/property"}],"about":[{"href":"https:\/\/www.tqinmobiliaria.com\/granada\/wp-json\/wp\/v2\/types\/property"}],"author":[{"embeddable":true,"href":"https:\/\/www.tqinmobiliaria.com\/granada\/wp-json\/wp\/v2\/users\/2"}],"replies":[{"embeddable":true,"href":"https:\/\/www.tqinmobiliaria.com\/granada\/wp-json\/wp\/v2\/comments?post=16525"}],"wp:featuredmedia":[{"embeddable":true,"href":"https:\/\/www.tqinmobiliaria.com\/granada\/wp-json\/wp\/v2\/media\/16526"}],"wp:attachment":[{"href":"https:\/\/www.tqinmobiliaria.com\/granada\/wp-json\/wp\/v2\/media?parent=16525"}],"wp:term":[{"taxonomy":"property-category","embeddable":true,"href":"https:\/\/www.tqinmobiliaria.com\/granada\/wp-json\/wp\/v2\/property-category?post=16525"},{"taxonomy":"property_tag","embeddable":true,"href":"https:\/\/www.tqinmobiliaria.com\/granada\/wp-json\/wp\/v2\/property_tag?post=16525"}],"curies":[{"name":"wp","href":"https:\/\/api.w.org\/{rel}","templated":true}]}}

<h2 class="wp-block-heading">TQ1019 Piso Albayzin</h2>



<p>Ponemos a la venta, piso con mucha luz, en el corazón del histórico barrio de Albayzin, junto a plaza del salvador,  encantadora vivienda ofrece una combinación única de historia y modernidad con una orientación norte-sur del TQ1019.</p>



<p>Es una 1º planta, de 91 m² construidos, útiles de 82 m² ..</p>



<p>Por otro lado, la vivienda se reformó íntegramente con una distribución muy funcional y espaciosa,  en conjunto posee, cocina office con isla central con electrodomesticos, salon, 2 dormitorios muy amplios, 2 baños, ventanas doble acristalamiento de madera con rotura termica y acustica mas  suelos de tarima.</p>



<p>Posee bomba de calor + preinstalación de aire acondicionado y calefacción eléctrica de bajo consumo.</p>



<p>Además de <strong>tener acceso</strong> a la misma puerta del  inmueble con vehículo.</p>



<p>Igualmente dispone de unas vistas despejadas.</p>



<p>Y por ultimo, rodeada de todos los servicios a su alcance y a 10 minutos de Plaza Nueva y catedral.</p>



<p>*Impuestos, gastos y honorarios de agencia no incluidos, podrá consultar esta información al final de la página en apartado tus gastos o <a href="https://www.tqinmobiliaria.com/gastos/">TECLEE AQUI</a>.<br>*El mobiliario mostrado no está incluido.<br>*Las superficies expresadas en esta página tienen carácter descriptivo y son aproximadas.<br>*El precio puede ser susceptible de modificación sin previo aviso.</p>



ngg_shortcode_0_placeholder



<p>&nbsp;</p>



<p>El pintoresco barrio del&nbsp;<em>Albayzín</em> es el antiguo barrio árabe frente a la colina roja de la &nbsp;Alhambra, hoy en día patrimonio de la Humanidad.</p>



<p>Sus calles son serpenteantes y &nbsp;estrechas, además de contar con numerosos <strong>aljibes</strong> y <strong>cármenes,</strong>&nbsp; algunos han llegado a nuestros días.</p>



<p>Privilegiado destino turístico, único en el mundo, donde podrás practicar esquí en Sierra Nevada y disfrutar de sus playas en la costa tropical, todo,&nbsp; a menos de 45 minutos de tu residencia.</p>



<p>Tierra de Federico García Lorca, uno de los poetas y dramaturgos más importantes que han alumbrado las letras españolas.&nbsp;</p>



<p>Para volver a ver inmuebles en Granada <a href="https://www.tqinmobiliaria.com/granada/venta/" target="_blank" rel="noreferrer noopener"><strong>teclee AQUI</strong></a>.  </p>



<p><strong>Más abajo podrá ver mapa de aproximación de Piso Albayzin TQ1019</strong> <strong>e inmuebles en la zona.</strong></p>
